4*o - 21. Suppose -5*j + 1744 = o*j. What is the tens digit of j?
1
What is the hundreds digit of (4 + 0)*(3778 + (-1 - -3))?
1
Suppose -2*x - 4*v = -64720, -x - 487*v + 32366 = -488*v. What is the units digit of x?
4
Suppose 0 = -2*o - 16, h - 17937 = -5*o. What is the tens digit of h?
7
Let s(g) = -2*g**3 + 21*g**2 - 10*g + 6. Let x be s(10). Let t = x + 108. Let c = -32 + t. What is the units digit of c?
2
Let q(p) = -p**3 - p**2 - p - 4. Suppose 12 = 3*t - 5*f, 4*t + 4*f - 10 = 6. Suppose 4*a = -t*o - 16, -3 = o - 4. What is the hundreds digit of q(a)?
1
Let n(l) = -40*l - 49. Let v be n(-4). Suppose -v*u = -122*u + 3333. What is the hundreds digit of u?
3
Let f be -1 + 3 - (-1 - 14). Let a = 385 - f. What is the units digit of a?
8
Let u = 187 + -184. Suppose -4*x - 3*y + 462 = 106, u*x = -y + 272. What is the units digit of x?
2
Suppose 5*o + 54060 = 4*c, 10*o + 405316 = 30*c + 6*o. What is the hundreds digit of c?
5
Let g(y) be the second derivative of y**4/12 - y**3/2 + 6*y**2 + 92*y. What is the tens digit of g(-18)?
9
Let t(b) be the third derivative of 0 + 0*b - 1/8*b**4 + 17*b**2 + 4/15*b**5 - 1/3*b**3. What is the tens digit of t(-2)?
6
Suppose 4521 = 15*n - 2244. What is the hundreds digit of n?
4
Let u(a) = -5*a. Let h(j) = 1. Let k(o) = 2*h(o) + u(o). Let t be k(-9). Let i = -2 + t. What is the units digit of i?
5
Let j(x) be the second derivative of 1/12*x**4 - 3/2*x**3 + 11/2*x**2 + 0 - 8*x. What is the units digit of j(9)?
1
Suppose -5*l = 4*n + 549, -4*l - 5*n - 645 = -204. Let a = -100 - l. What is the units digit of (-3)/(-2)*30/a?
5
Let x = 1307 + 4333. What is the units digit of x?
0
Suppose -3115 + 52936 = -53*c + 264524. What is the tens digit of c?
5
Let f(c) = -101*c - 50. Let s be f(-4). Let a = 668 - s. What is the hundreds digit of a?
3
Let d(s) = 9*s**2 - 7*s - 8. Let m be d(-1). Let g(p) = -p**3 + 13*p**2 - 12*p - 4. What is the hundreds digit of g(m)?
2
Let m(i) = -i**2 + 12*i - 16. Let h be m(11). Let n(v) = -7*v**3 - 6*v**2 - v + 4. Let x be n(h). What is the tens digit of (-18)/45 - (x/(-10) + 0)?
7
Let q(s) = 13*s**2 + 4. Let l be q(-6). Suppose -2*g - 304 = 2*p - 764, -2*p + 4*g = -l. What is the hundreds digit of p?
2
Let h(c) = 265*c - 132. Let v(k) = 530*k - 265. Let d(w) = 11*h(w) - 6*v(w). What is the tens digit of d(-7)?
9
Let z(k) = 77*k**2 - 3*k + 2. Let i be z(1). Let d = 675 + i. What is the units digit of d?
1
Let c be ((-22)/(-3))/((-16)/72). Let w = c + 36. Suppose 118 = i - 3*p, -w*p - 2*p = 25. What is the units digit of i?
3
Suppose -6424 + 27126 = k - 4*u, -5*k = u - 103594. What is the units digit of k?
8
What is the units digit of ((-3)/39*(-273)/21)/((-1)/(-5108))?
8
Let v = 298 + -192. Suppose 6*r - 3*r - 3*w = 1137, 4*r + w - 1516 = 0. Suppose -3*g - v + r = 0. What is the tens digit of g?
9
Let k(i) = -i**3 + 12*i**2 + 11*i + 14. Let l be (-84)/3*6/(-7). Let m = -12 + l. What is the tens digit of k(m)?
4
Suppose w + 5*v = 31190, -5*w = v - 150955 - 4827. What is the units digit of w?
5
Suppose -14691768 = -189*i + 7*i. What is the ten thousands digit of i?
8
Suppose 269*m - 1433993 = -517241. What is the tens digit of m?
0
What is the units digit of 36/(-198) - 7/((-154)/220202)?
9
Let o = -420 - -420. Suppose o = 3*c - 2*i + 3*i - 1581, -2*i + 6 = 0. What is the hundreds digit of c?
5
Suppose -25 = 96*u - 101*u. Suppose 4947 = u*t - 4*d, -t = -0*t + d - 984. What is the units digit of t?
7
Let a(z) = -10*z**3 - 9*z**2 + 37. What is the units digit of a(-9)?
8
Suppose -5*d - 110 + 1440 = 0. Let q be 2/6 - -1*d/21. Suppose 0 = q*j - 18*j + 460. What is the tens digit of j?
9
Suppose -22 = -3*y - 22. Suppose y = 17*l - 22*l + 455. What is the units digit of l?
1
Suppose 0 = -l + 35 - 33. Suppose 2*c + l - 6 = 0. Let h(a) = 103*a - 15. What is the hundreds digit of h(c)?
1
Let t(q) = -10 + q**2 + 6 + 13*q + q**2 + 5 - q**2. Let s be (4/3)/((-2)/24). What is the units digit of t(s)?
9
Let q = 15 - 101. Let y = q - -88. Suppose -y*c - 2*f = 2, 4*f - 2*f = -3*c. What is the units digit of c?
2
Let c(k) = k**2 - 45*k + 10. Let l be c(22). Let o = l - -1100. What is the units digit of o?
4
Let r(i) = i**3 - 24*i**2 - 48*i + 72. What is the ten thousands digit of r(38)?
1
Let n = 485 - 527. Let f be -4*22*(-1)/(-4). Let l = f - n. What is the tens digit of l?
2
Suppose -12024 = -12*t + 8868. Let a = t - 1114. What is the units digit of a?
7
Let m(s) = -s**3 - 6*s**2 - 7*s + 14. Let z = 172 + -179. What is the units digit of m(z)?
2
Let j = -262 + 267. Suppose 8*o - j*p - 3181 = 4*o, 4*p - 12 = 0. What is the hundreds digit of o?
7
Let r = 46 + -46. Let l be 1*8/(-12)*-3 - r. Suppose -l*d = 5*j - 489, -5*j + 4*d + 263 = -214. What is the tens digit of j?
9
Suppose 1138 = 15*i - 276 + 229. Suppose 276 = 6*v - v + o, -v + 36 = 5*o. Let p = i - v. What is the tens digit of p?
2
Suppose -3*d + 159570 = -k, -4*d + 3*k - 1885 = -214640. What is the tens digit of d?
9
Let t(r) = -14*r**2 + 465*r - 986*r + r**3 + 492*r - 2*r**3 + 29. What is the hundreds digit of t(-13)?
2
Suppose h - 4*o - 12026 = 0, 10*h = 6*h + 2*o + 48062. What is the hundreds digit of h?
0
Let f(i) = i**2 + 7*i - 10. Let y be f(-11). Suppose 0 = -2*v + y + 414. What is the units digit of v?
4
Let d(i) be the first derivative of 29*i**3/3 + 2*i**2 + 4*i - 154. What is the units digit of d(-5)?
9
Let f = -725 + 895. Suppose h + 151 = -5*p + 38, 5*p = -3*h - 339. Let c = f + h. What is the units digit of c?
7
Suppose 0 = 4*y - 0*y + 3*p - 9840, p = 4*y - 9856. Suppose -y - 1147 = -10*m. What is the units digit of m?
1
What is the units digit of 6063 + -13 + 33 + -7?
6
Let m = 71 + -72. Let u(r) = r. Let z(k) = k**2 - 11*k - 26. Let n(b) = m*z(b) + 5*u(b). What is the units digit of n(15)?
1
Let u = -7023 - -22800. What is the thousands digit of u?
5
Suppose 31851 = 5*w - x, -5*x - 13470 + 45345 = 5*w. What is the hundreds digit of w?
3
Let z be (6 - 5)*2*(-1)/2. Let u be 0 + z + (6 - 1). Suppose u*i - 2*l = 92, 0*i = 2*i + 3*l - 62. What is the tens digit of i?
2
Let x = 306 - 295. Suppose -30*g + 4617 = -x*g. What is the hundreds digit of g?
2
Let g(l) = 535*l - 4575. What is the tens digit of g(25)?
0
Let l(w) = 14*w**3 - 70*w**2 + 12*w - 15. What is the units digit of l(7)?
1
Suppose -5*m + 26184 = -2*k, 4*k - 3973 = -5*m + 22199. What is the units digit of m?
6
Let c = 360 + -352. Suppose c*y - 5644 + 1460 = 0. What is the hundreds digit of y?
5
Suppose 8*n = -n + 54. Suppose 4*b - 3*t - 289 = 0, 356 = 5*b + n*t - 8*t. What is the units digit of b?
0
Let p = -23 + 33. Let z be 14/(-70) + 4162/p. Suppose -14*s = -18*s + z. What is the units digit of s?
4
Let t(d) = -23*d + 71. Let v be t(3). What is the units digit of ((-18)/2 + v)*-99?
3
Let g = 3514 + 10338. What is the tens digit of g?
5
Let f(k) = 7*k**3 + 10*k**2 - k + 20. Let u(o) = 3*o**3 + 5*o**2 - o + 10. Let q(s) = 4*f(s) - 9*u(s). Let i be q(4). What is the tens digit of 2574/27 - 4/i?
9
Let j = 101 - -2711. What is the tens digit of j?
1
What is the units digit of (-5*(-65)/26)/((-1)/(-62))?
5
Let q = 80606 + -8286. What is the hundreds digit of q?
3
Suppose 0 = -10*x + 7*x - 27. What is the tens digit of 3*((-1146)/x + 52/(-13))?
7
What is the hundreds digit of (24419/(-4)*-4)/(-3 - -4)?
4
Suppose 0*t - 30 = -15*t. Suppose -q + 5*g + 2010 = 4*q, -t*g + 405 = q. What is the tens digit of q?
0
Let u(f) = -f + 29. Let n be u(17). Let d be (n/10)/(2/(-10)). What is the units digit of ((-172)/d)/((-12)/(-18))?
3
Let h(c) = 10*c - 5. Let q(r) = r**3 + 12*r**2 + 10*r - 10. Let v be q(-11). Let o be h(v). What is the tens digit of 0 + -1 + o - -81?
8
Suppose 35*k - 1662 = 543. What is the units digit of (-14)/k - (-150)/27*40?
2
Let r be (-2)/(-10) + 0 + 2044/(-20). Let k = r + 106. What is the tens digit of (-6)/k + (-2101)/(-22)?
9
Suppose -v + 58 = 11. Suppose 53*o - 1674 = v*o. What is the hundreds digit of o?
2
Suppose 11545 - 2380 = 65*k. What is the hundreds digit of k?
1
Let d be -1*(36/(-6) + 5). What is the hundreds digit of ((-10812)/(-255))/(((-1)/(-10))/d)?
4
Let k = 17219 - 12620. What is the thousands digit of k?
4
Suppose 0 = -5*w - 0*x - 4*x + 9344, -2*w = -2*x - 3734. What is the hundreds digit of w?
8
Let t be ((-161)/(-2))/(-4*1/(-8)). Let h = 312 -